{"id":713,"date":"2024-10-05T06:48:22","date_gmt":"2024-10-05T06:48:22","guid":{"rendered":"https:\/\/hotelinspiration.com\/?page_id=713"},"modified":"2026-04-12T08:27:11","modified_gmt":"2026-04-12T08:27:11","slug":"gastgeber","status":"publish","type":"page","link":"https:\/\/hotelinspiration.com\/?page_id=713","title":{"rendered":"Gastgeber"},"content":{"rendered":"<p>[et_pb_section fb_built=&#8221;1&#8243; fullwidth=&#8221;on&#8221; _builder_version=&#8221;4.25.0&#8243; _module_preset=&#8221;default&#8221; global_colors_info=&#8221;{}&#8221;][et_pb_fullwidth_image src=&#8221;https:\/\/hotelinspiration.com\/wp-content\/uploads\/2024\/10\/Kehrt-and-Glaudia-von-Herzen-USE-FINAL.jpg&#8221; title_text=&#8221;Kehrt and Glaudia von Herzen USE FINAL&#8221; _builder_version=&#8221;4.25.0&#8243; _module_preset=&#8221;default&#8221; hover_enabled=&#8221;0&#8243; global_colors_info=&#8221;{}&#8221; sticky_enabled=&#8221;0&#8243;][\/et_pb_fullwidth_image][\/et_pb_section][et_pb_section fb_built=&#8221;1&#8243; _builder_version=&#8221;4.25.0&#8243; _module_preset=&#8221;default&#8221; background_image=&#8221;https:\/\/hotelinspiration.com\/wp-content\/uploads\/2024\/10\/DSC5233.jpg&#8221; global_colors_info=&#8221;{}&#8221;][et_pb_row _builder_version=&#8221;4.25.0&#8243; _module_preset=&#8221;default&#8221; global_colors_info=&#8221;{}&#8221;][et_pb_column type=&#8221;4_4&#8243; _builder_version=&#8221;4.25.0&#8243; _module_preset=&#8221;default&#8221; global_colors_info=&#8221;{}&#8221;][et_pb_image src=&#8221;https:\/\/hotelinspiration.com\/wp-content\/uploads\/2024\/10\/logo-transparent-N.png&#8221; title_text=&#8221;logo-transparent N&#8221; align=&#8221;center&#8221; _builder_version=&#8221;4.25.0&#8243; _module_preset=&#8221;default&#8221; global_colors_info=&#8221;{}&#8221;][\/et_pb_image][\/et_pb_column][\/et_pb_row][\/et_pb_section][et_pb_section fb_built=&#8221;1&#8243; fullwidth=&#8221;on&#8221; _builder_version=&#8221;4.25.0&#8243; _module_preset=&#8221;default&#8221; global_colors_info=&#8221;{}&#8221;][et_pb_fullwidth_header title=&#8221;Gastgeber&#8221; text_orientation=&#8221;center&#8221; _builder_version=&#8221;4.25.0&#8243; _module_preset=&#8221;default&#8221; title_text_color=&#8221;#F0B800&#8243; title_font_size=&#8221;100px&#8221; background_image=&#8221;https:\/\/hotelinspiration.com\/wp-content\/uploads\/2024\/09\/DSC5314.jpg&#8221; parallax=&#8221;on&#8221; title_text_shadow_style=&#8221;preset2&#8243; global_colors_info=&#8221;{}&#8221;][\/et_pb_fullwidth_header][\/et_pb_section][et_pb_section fb_built=&#8221;1&#8243; specialty=&#8221;on&#8221; _builder_version=&#8221;4.25.0&#8243; _module_preset=&#8221;default&#8221; background_image=&#8221;https:\/\/hotelinspiration.com\/wp-content\/uploads\/2024\/10\/Von-Herzen-Wilkommen.jpg&#8221; parallax=&#8221;on&#8221; global_colors_info=&#8221;{}&#8221;][et_pb_column type=&#8221;1_4&#8243; _builder_version=&#8221;4.16&#8243; custom_padding=&#8221;|||&#8221; global_colors_info=&#8221;{}&#8221; custom_padding__hover=&#8221;|||&#8221;][et_pb_image src=&#8221;https:\/\/hotelinspiration.com\/wp-content\/uploads\/2024\/10\/Hotel-Insp-Logo-tan-background.jpg&#8221; title_text=&#8221;Hotel Insp Logo tan background&#8221; _builder_version=&#8221;4.25.0&#8243; _module_preset=&#8221;default&#8221; box_shadow_style=&#8221;preset6&#8243; box_shadow_color=&#8221;#E09900&#8243; global_colors_info=&#8221;{}&#8221;][\/et_pb_image][\/et_pb_column][et_pb_column type=&#8221;1_2&#8243; specialty_columns=&#8221;2&#8243; _builder_version=&#8221;4.16&#8243; custom_padding=&#8221;|||&#8221; global_colors_info=&#8221;{}&#8221; custom_padding__hover=&#8221;|||&#8221;][et_pb_row_inner _builder_version=&#8221;4.25.0&#8243; _module_preset=&#8221;default&#8221; global_colors_info=&#8221;{}&#8221;][et_pb_column_inner saved_specialty_column_type=&#8221;1_2&#8243; _builder_version=&#8221;4.25.0&#8243; _module_preset=&#8221;default&#8221; global_colors_info=&#8221;{}&#8221;][et_pb_image src=&#8221;https:\/\/hotelinspiration.com\/wp-content\/uploads\/2024\/05\/Kert-Glaudia_HotelInspiration.jpg&#8221; title_text=&#8221;Kert-Glaudia_HotelInspiration&#8221; align=&#8221;center&#8221; _builder_version=&#8221;4.25.0&#8243; _module_preset=&#8221;default&#8221; global_colors_info=&#8221;{}&#8221;][\/et_pb_image][et_pb_image src=&#8221;https:\/\/hotelinspiration.com\/wp-content\/uploads\/2024\/10\/Von-Herzen-Wilkommen.jpg&#8221; title_text=&#8221;Von Herzen Wilkommen&#8221; align=&#8221;center&#8221; _builder_version=&#8221;4.25.0&#8243; _module_preset=&#8221;default&#8221; global_colors_info=&#8221;{}&#8221;][\/et_pb_image][et_pb_text _builder_version=&#8221;4.27.5&#8243; _module_preset=&#8221;default&#8221; custom_padding=&#8221;||0px|||&#8221; hover_enabled=&#8221;0&#8243; global_colors_info=&#8221;{}&#8221; text_orientation=&#8221;center&#8221; sticky_enabled=&#8221;0&#8243;]<\/p>\n<h2 style=\"text-align: center;\">Erleben Sie inspirierte Ruhe<em> <\/em>bei uns.<\/h2>\n<h2 style=\"text-align: center;\">Erinnern Sie sich jeden Tag daran:<\/h2>\n<h2 style=\"text-align: center;\">Heute ist eine Geschenk.<\/h2>\n<p>\u201cTransatlantische Beziehungen \u2013 jetzt wird\u2019s ernst\u201d<\/p>\n<p>Mit diesen Worten titelte eine Zeitung 2005, als der damalige Gouverneur von Kalifornien, Arnold Schwarzenegger, nach Bayern reiste, um den damaligen bayerischen Ministerpr\u00e4sidenten Edmund Stoiber zu treffen. Die Beziehung war eng und vertiefte sich stetig. Zur selben Zeit kam ein weiterer Kalifornier nach Bayern, um ein bayerisches M\u00e4dl zu heiraten. Hier wurde eine weitere transatlantische Beziehung Wirklichkeit: Kehrt und Glaudia Chestnut.<\/p>\n<p>Die Kultur vom Hotel Inspiration vereint in vielerlei Hinsicht diese beiden Paradiese: Bayern und Kalifornien. Sie spiegelt auch unser eigenes, sich stetig weiterentwickelndes Familienleben mit unseren vier Kindern wider, die wie ihre Eltern sowohl bayerisch als auch kalifornisch gepr\u00e4gt sind.<\/p>\n<p>Wir beschreiben unser Lebensziel gerne als das Streben nach wahrer Erf\u00fcllung. Unser berufliches Streben danach zeigt sich in unserem wichtigsten Angebot an Sie als unseren Gast: Inspirierte Ruhe.<\/p>\n<p>Inspirierte Ruhe \u2013 das ist es, war wir unter Hotel Inspiration verstehen. Erleben Sie die vielen inspirierenden Fr\u00fcchte unserer Arbeit, die wir in die Vorbereitung auf unsere G\u00e4ste gesteckt haben. Wir m\u00f6chten Ihnen die M\u00f6glichkeit geben, Ihre ganz pers\u00f6nliche inspirierte Ruhe zu genie\u00dfen \u2013 und sei es nur f\u00fcr eine Nacht. Besuchen Sie unser wundersch\u00f6n gestaltetes Hotel, das aus der kreativen Feder von Glaudia Chestnut und ihren Eltern, Hans und Johanna H\u00e4uslschmid stammt. \u00dcberzeugen Sie sich selbst, wie wir auch heute noch unsere eigene transatlantische Mischung der Kulturen auf dem wunderbaren Fundament aufbauen, das Hans und Johanna H\u00e4uslschmid 2007 im wahrsten Sinne des Wortes gelegt haben.<\/p>\n<p>Unsere Gesch\u00e4ftsreisenden sch\u00e4tzen unseren modernen Ansatz f\u00fcr inspirierte Ruhe, der ihre individuellen Bed\u00fcrfnisse erf\u00fcllt und ihre Erwartungen \u00fcbertrifft. Darauf liegt unser Hauptaugenmerk.<\/p>\n<p>Wir m\u00f6chten das Beste aus der bayerischen und kalifornischen Kultur vereinen und Ihnen so neue Inspiration schenken, damit Sie erholt und gest\u00e4rkt in Ihren n\u00e4chsten Gesch\u00e4ftstag starten k\u00f6nnen. Diese erfolgreiche Kombination, die bereits 2005 zwischen Schwarzenegger und Stoiber zum Tragen kam, setzen wir heute mit unserer einzigartigen Vision f\u00fcr das Hotel Inspiration fort: \u201eTransatlantische Beziehungen \u2013 jetzt wird\u2019s ernst\u201c.<\/p>\n<p>Wir freuen uns darauf, Ihnen unser Haus vorzustellen und Ihnen den erholsamsten Aufenthalt zu erm\u00f6glichen, den Sie je in einem Hotel verbracht haben.<\/p>\n<p style=\"text-align: center;\">Ihre Familie Chestnut<\/p>\n<p>&nbsp;<\/p>\n<p>[\/et_pb_text][et_pb_image src=&#8221;https:\/\/hotelinspiration.com\/wp-content\/uploads\/2024\/10\/Heute-ist-ein-Geschenk.jpg&#8221; title_text=&#8221;Heute ist ein Geschenk&#8221; align=&#8221;right&#8221; _builder_version=&#8221;4.25.0&#8243; _module_preset=&#8221;default&#8221; global_colors_info=&#8221;{}&#8221;][\/et_pb_image][\/et_pb_column_inner][\/et_pb_row_inner][\/et_pb_column][et_pb_column type=&#8221;1_4&#8243; _builder_version=&#8221;4.16&#8243; custom_padding=&#8221;|||&#8221; global_colors_info=&#8221;{}&#8221; custom_padding__hover=&#8221;|||&#8221;][et_pb_image src=&#8221;https:\/\/hotelinspiration.com\/wp-content\/uploads\/2024\/10\/Hotel-Inspiration-Karte-and-Night-Time.jpg&#8221; title_text=&#8221;Hotel Inspiration Karte and Night Time&#8221; align=&#8221;center&#8221; _builder_version=&#8221;4.25.0&#8243; _module_preset=&#8221;default&#8221; box_shadow_style=&#8221;preset6&#8243; box_shadow_color=&#8221;#E09900&#8243; global_colors_info=&#8221;{}&#8221;][\/et_pb_image][et_pb_image src=&#8221;https:\/\/hotelinspiration.com\/wp-content\/uploads\/2024\/09\/DSC4765-1.jpg&#8221; title_text=&#8221;_DSC4765&#8243; align=&#8221;center&#8221; _builder_version=&#8221;4.25.0&#8243; _module_preset=&#8221;default&#8221; box_shadow_style=&#8221;preset6&#8243; box_shadow_color=&#8221;#E09900&#8243; global_colors_info=&#8221;{}&#8221;][\/et_pb_image][\/et_pb_column][\/et_pb_section]<\/p>\n","protected":false},"excerpt":{"rendered":"<p>Erleben Sie inspirierte Ruhe bei uns. Erinnern Sie sich jeden Tag daran: Heute ist eine Geschenk. \u201cTransatlantische Beziehungen \u2013 jetzt wird\u2019s ernst\u201d Mit diesen Worten titelte eine Zeitung 2005, als der damalige Gouverneur von Kalifornien, Arnold Schwarzenegger, nach Bayern reiste, um den damaligen bayerischen Ministerpr\u00e4sidenten Edmund Stoiber zu treffen. Die Beziehung war eng und vertiefte [&hellip;]<\/p>\n","protected":false},"author":1,"featured_media":0,"parent":0,"menu_order":0,"comment_status":"closed","ping_status":"closed","template":"","meta":{"_et_pb_use_builder":"on","_et_pb_old_content":"","_et_gb_content_width":"","footnotes":""},"class_list":["post-713","page","type-page","status-publish","hentry"],"_links":{"self":[{"href":"https:\/\/hotelinspiration.com\/index.php?rest_route=\/wp\/v2\/pages\/713","targetHints":{"allow":["GET"]}}],"collection":[{"href":"https:\/\/hotelinspiration.com\/index.php?rest_route=\/wp\/v2\/pages"}],"about":[{"href":"https:\/\/hotelinspiration.com\/index.php?rest_route=\/wp\/v2\/types\/page"}],"author":[{"embeddable":true,"href":"https:\/\/hotelinspiration.com\/index.php?rest_route=\/wp\/v2\/users\/1"}],"replies":[{"embeddable":true,"href":"https:\/\/hotelinspiration.com\/index.php?rest_route=%2Fwp%2Fv2%2Fcomments&post=713"}],"version-history":[{"count":20,"href":"https:\/\/hotelinspiration.com\/index.php?rest_route=\/wp\/v2\/pages\/713\/revisions"}],"predecessor-version":[{"id":1992,"href":"https:\/\/hotelinspiration.com\/index.php?rest_route=\/wp\/v2\/pages\/713\/revisions\/1992"}],"wp:attachment":[{"href":"https:\/\/hotelinspiration.com\/index.php?rest_route=%2Fwp%2Fv2%2Fmedia&parent=713"}],"curies":[{"name":"wp","href":"https:\/\/api.w.org\/{rel}","templated":true}]}}